v.
10
Suppose -12*g + 76 = -11*g + 8*t, 421 = 5*g - t. What is the remainder when 348 is divided by g?
12
Let b(n) = n**2 - 5. Let q(p) = 3*p + 9. Let m be q(-2). Suppose -m*u - 34 = 2. What is the remainder when b(u) is divided by 28?
27
Let l be (-230)/14 + (-27)/(-63). Let n = 18 - l. Calculate the remainder when 89 is divided by n.
21
Suppose -79514 = -76*l + 53866. Calculate the remainder when l is divided by 11.
6
Suppose -y + 12 = 4. Let k be (-24)/(-32) - 6/y. Suppose 5*v + 2*z = 81, k*z = -v - 5*z + 7. Calculate the remainder when 65 is divided by v.
14
What is the remainder when 1994 is divided by (6 - (-15 - -14)) + 12?
18
Let o(p) = -1815*p + 5781. What is the remainder when o(3) is divided by 29?
17
Suppose -3*u - 6*u = -27. Suppose 12*b - u = 13*b. Calculate the remainder when 174 is divided by 21/b - -4 - -62.
56
Suppose -65 = 12*y - 413. Suppose -4*f + 2*f - 83 = -5*s, 4*f - y = -3*s. What is the remainder when 207 is divided by s?
12
What is the remainder when 109 is divided by 1608/36 + 12 - (8/(-6) + 3)?
54
Suppose 7*u = 5*u - 94. Let d = 23 - -64. Let z = d + u. What is the remainder when z is divided by 21?
19
Suppose 3*f - 1824 = 5*t, -79*f + 83*f - 2397 = -5*t. Calculate the remainder when 618 is divided by f.
15
Suppose -422 - 197 = -o - 3*v, 4*o - 3*v = 2401. Let t(n) = -35*n**2 + 6*n - 22. Let z be t(3). Let a = z + o. What is the remainder when a is divided by 26?
25
Let w = 21201 - 20651. What is the remainder when w is divided by 27?
10
Calculate the remainder when 844 is divided by (140040/56)/9 - (-54)/(-63).
13
Suppose 275*v - 280*v + 4745 = 0. Calculate the remainder when v is divided by 231.
25
Let d(j) be the first derivative of -j**2 - 31*j - 14. Let w be d(-16). Calculate the remainder when 27 is divided by w + (-3 - 0) + 6 + 2.
3
Let f(m) = m**2 + 6*m + 8. Let t = 193 + -173. What is the remainder when t is divided by f(-6)?
4
Let p = 73 + -46. Suppose 8757 = 13*q + 8107. What is the remainder when q is divided by p?
23
Let q = 708 + -222. Calculate the remainder when q is divided by 15.
6
Suppose 0 = s + 4*g - 35, -4*s + 112 = g + g. Calculate the remainder when 162 is divided by s.
0
Let a = -168 + 176. Suppose -5*d + a*d = 51. Calculate the remainder when 97 is divided by d.
12
Let l(x) = 13 + 0*x + 6*x + x**2 - 20. Let z = -288 + 417. Calculate the remainder when z is divided by l(4).
30
Suppose 0 = -2*d + 3*d + 2*c - 218, 0 = -3*d - c + 639. Let k = 225 - d. What is the remainder when 101 is divided by k?
10
Let a(f) = 34*f**2 - 776*f + 56. Calculate the remainder when a(23) is divided by 61.
11
Suppose 5*n - 1707 = 1698. What is the remainder when n is divided by 35?
16
Suppose -30*f - 493 = -47*f. Let w(v) = -v. Let y be w(1). Calculate the remainder when f is divided by (-1 - -6)/(y/(-2)).
9
Let f = 46 + -15. Suppose -4*j - 10 = j. What is the remainder when 9/((-36)/(-232)) - j is divided by f?
29
Suppose 264*h - 385*h = -58607 - 60336. What is the remainder when h is divided by 50?
33
Let a be -91 + (-2)/(-4)*6. Let n = -40 - a. Let j(u) = u**3 + 19*u**2 + 37*u + 12. Calculate the remainder when j(-16) is divided by n.
44
Suppose 3*v - 87 = 4*u, 2 = -2*u + 8. Suppose 66*d - 9825 = -9*d. What is the remainder when d is divided by v?
32
Let c(n) = 1928*n - 17324. Calculate the remainder when 2207 is divided by c(9).
23
Suppose 7*m - 3*m + g = 20, -3*m + 5*g = -38. Calculate the remainder when (-2)/6*(64152/(-18))/36 is divided by m.
3
What is the remainder when 8339 is divided by -5 + 84/18 - 1566/(-81)?
17
Let x(n) = -n**3 - 2*n**2 + 8*n + 17. Let v be x(-4). Calculate the remainder when (102/8)/v - 514/(-8) is divided by 34/8*(-12)/(-3).
14
Suppose -37 = 2*x - 3*x. Calculate the remainder when ((-1)/(-2)*20736/(-240))/((-3)/10) is divided by x.
33
Suppose 3*m + 84 = 3*f, 5*f = -1666*m + 1661*m + 70. What is the remainder when 891 is divided by f?
9
Suppose -k + 6 - 4 = 0. Suppose 0 = -i - 5*y + 28, -i - 12 = -k*y - 68. Calculate the remainder when i is divided by 25.
23
Suppose -125*p = -127*p + 10, -5*t + 2025 = -5*p. What is the remainder when t is divided by 33?
14
Let t = 1838 + -1830. Let y(u) = -u**2 + u. Let r be y(-2). Let q(a) = -a**3 - 4*a**2 + 3*a - 8. What is the remainder when q(r) is divided by t?
6
Let l = 8980 + -8765. What is the remainder when 13111 is divided by l?
211
Suppose v + o - 21 = 5*o, -87 = -3*v + 4*o. Let u(c) = 3*c - 1. Let p be u(1). Calculate the remainder when (4 - -120) + 3 + p is divided by v.
30
Suppose 37*g + 57*g = 307756. What is the remainder when g is divided by 36?
34
Let o(v) = 2*v**2 + v + 4. Suppose -638 - 85 = -5*q + 4*x, -2*q = -4*x - 294. What is the remainder when q is divided by o(3)?
18
Suppose 3*t - 4*r - 5170 = 0, 4*r = -10 + 6. Suppose t - 534 = 12*v. Suppose 5*g = 97 + 28. Calculate the remainder when v is divided by g.
24
What is the remainder when (-8)/60 + 1501808/2310 is divided by 3?
2
Suppose -18 - 7 = -5*l. What is the remainder when 178 is divided by -3 - l*(-4 - -1)?
10
Suppose 0 = 6*y - 596 + 344. Suppose -2*h + 31 = 3*f, 4*h = -f - 0*h + 17. What is the remainder when y is divided by f?
6
Suppose -3*d + 5*r = 7*r - 1473, -r = -d + 486. Suppose 2296 - d = 13*i. Calculate the remainder when i is divided by 70.
69
Suppose 7*r = 4*r + 117. Let j = 3550 - 3530. What is the remainder when r is divided by j?
19
Suppose 19*j + 47 = 446. What is the remainder when 5522 is divided by j?
20
Let h = -182 - -184. Let c(z) = 8*z**3 + 8*z**3 - 15*z**3 - 4*z + 7*z**2 - 5*z + 3. What is the remainder when c(-8) is divided by h?
1
Suppose -54 = -23*w + 21*w. Let y = -145 + 148. Suppose -3*k = -2*p + 7*p - 40, -2*k - y*p = -26. Calculate the remainder when w is divided by k.
7
Calculate the remainder when (-540)/(((-144)/12)/24) is divided by 82.
14
What is the remainder when 936 is divided by 2/(-7)*2700/(-72) + (-10)/(-35)?
1
Let v = 687 - 564. Calculate the remainder when 367 is divided by v.
121
Suppose 1024*l = 1017*l + 728. What is the remainder when 3220 is divided by l?
100
Let a(c) = -398*c**2 + c - 8*c + 402*c**2 + 15. Let v be a(3). Suppose -4*u - u + 5*t = -v, -3*u - 2*t = 2. What is the remainder when 8 is divided by u?
0
Let f(t) = 9*t + 72. Let j be f(-8). Suppose -5*x + 61 = y - 101, j = -5*x + y + 158. What is the remainder when x is divided by 12?
8
Let q(c) = -27 - 2*c - 14 - 4*c + 159 + 3*c. Let x(i) = 4*i**2 - 4*i + 2. What is the remainder when q(-27) is divided by x(4)?
49
Suppose 1039*c - 61296 = 991*c. Calculate the remainder when c is divided by 30.
17
Suppose -19*g = 3*g + 88. Calculate the remainder when g - 1*(-157 + (-18)/6) is divided by 18.
12
Let i(g) = -15*g + 2. Suppose a - 464 = -213 - 237. What is the remainder when i(-3) is divided by a?
5
Suppose b = -2*o + 14, -86 = -5*b - 4*o - 28. Let x(v) = -14*v**2 + 31 + v**3 + b*v**2 - 18 - 2*v**3. Calculate the remainder when 16 is divided by x(-3).
0
Let x = 186 - 178. What is the remainder when 564/16 - 2/x is divided by 2?
1
Suppose 6099*r - 6107*r + 4600 = 0. Calculate the remainder when r is divided by 9.
8
Let a = 64 - 40. Suppose -3*r = -33 - a. Suppose r*l - 15*l = 120. Calculate the remainder when l is divided by 11.
8
Suppose 0 = 2*x + 4*j + 74, 2*j + 94 + 123 = -5*x. Let l = 51 + x. Suppose 0 = l*i + 5 - 71. Calculate the remainder when 18 is divided by i.
7
Suppose -1296 + 13115 = 3*u - 5296. What is the remainder when u is divided by 18?
17
Let b = -23266 - -23332. What is the remainder when 419 is divided by b?
23
Let s(w) = 2*w**3 - 35*w**2 - 35*w - 18. What is the remainder when s(19) is divided by 114?
58
Suppose -94 = -2*q + 44. Let p = -27 - -192. Let f = p - q. What is the remainder when f is divided by 14?
12
Let j(r) = -6*r - 6. Let h = -1 + -3. Calculate the remainder when 37296/1110*(-3 - (308/8)/(-7)) is divided by j(h).
12
Let d(x) = x**2 + 6*x - 50. What is the remainder when 36 is divided by d(5)?
1
Let a be ((-84)/(-35))/((-4)/(-30)). Calculate the remainder when (-9)/a + (-350)/(-4) is divided by (0 - 6) + 72/3.
15
Let o = 114 + -178. Let c = -2999 + 3003. What is the remainder when 18/4*o/(-24) is divided by c?
0
Let g = 23012 - 22834. Calculate the remainder when 1775 is divided by g.
173
Let t(y) = -77*y**2 - 33*y + 18. Let f be t(-